?
-82b
Convert 1769 (base 12) to base 2.
101100000001
What is 1462 (base 8) in base 7?
2246
What is 43277 (base 8) in base 2?
100011010111111
-383 (base 10) to base 7
-1055
1d37 (base 16) to base 2
1110100110111
-405 (base 13) to base 8
-1251
What is -2b00 (base 16) in base 11?
-82a8
1602 (base 10) to base 3
2012100
-131303 (base 5) to base 9
-7121
Convert 3015 (base 9) to base 7.
6263
What is 23b (base 15) in base 11?
420
Convert 56dd (base 15) to base 12.
a801
-23131 (base 4) to base 10
-733
107 (base 8) to base 10
71
-7b0 (base 15) to base 6
-12020
What is 504b (base 15) in base 14?
6266
Convert 10001101000 (base 2) to base 6.
5120
Convert -1101100101 (base 3) to base 16.
-6a5a
591 (base 12) to base 13
4ba
Convert 267 (base 12) to base 5.
2432
What is 1210200 (base 3) in base 14?
69c
What is -13120 (base 4) in base 15?
-217
-c375 (base 14) to base 16
-8353
-1110011100000 (base 2) to base 14
-29a0
Convert 1200211202 (base 3) to base 13.
12299
Convert -1b7 (base 12) to base 11.
-238
Convert -2aa4 (base 15) to base 3.
-110120001
What is 3305 (base 7) in base 16?
49d
22033311 (base 4) to base 10
41973
What is 806 (base 15) in base 9?
2426
-2 (base 14) to base 13
-2
What is 4187 (base 12) in base 15?
21c4
-2a9 (base 13) to base 9
-580
What is 59 (base 12) in base 13?
54
What is 60a (base 15) in base 9?
1771
-9b27 (base 14) to base 10
-26887
-9129 (base 15) to base 13
-10c3b
Convert -10e7 (base 15) to base 16.
-e08
Convert -4072 (base 13) to base 14.
-3345
What is -1323102 (base 4) in base 5?
-223030
Convert 652 (base 13) to base 14.
573
-12043 (base 5) to base 16
-382
1b97 (base 16) to base 8
15627
Convert -10001001010 (base 2) to base 16.
-44a
Convert -1203 (base 12) to base 5.
-31034
37b8 (base 12) to base 5
200312
-131413 (base 5) to base 13
-24c7
What is -1551 (base 8) in base 5?
-11443
Convert 1465 (base 9) to base 16.
458
What is -515 (base 6) in base 5?
-1231
Convert -22 (base 14) to base 7.
-42
14909 (base 12) to base 2
111000100011001
Convert -11211100 (base 3) to base 12.
-2053
544 (base 7) to base 12
1b1
Convert 266 (base 8) to base 12.
132
Convert -f6 (base 16) to base 8.
-366
Convert -17518 (base 13) to base 14.
-12486
Convert -30232 (base 4) to base 12.
-57a
-231200 (base 4) to base 11
-2208
32213 (base 4) to base 8
1647
Convert -129 (base 13) to base 2.
-11001100
What is -a6b (base 14) in base 3?
-2211010
Convert -21c55 (base 13) to base 7.
-344026
-a65 (base 11) to base 3
-1202110
Convert 3877 (base 10) to base 8.
7445
-52552 (base 7) to base 11
-9824
Convert 55e3 (base 15) to base 2.
100011100100101
-131343 (base 5) to base 10
-5223
Convert 3376 (base 8) to base 7.
5135
-1320203 (base 4) to base 5
-221330
8401 (base 11) to base 16
2b7d
What is -2250 (base 7) in base 13?
-4b0
178a4 (base 11) to base 5
1300130
Convert 3113 (base 5) to base 16.
198
-233310 (base 6) to base 8
-47352
Convert -513 (base 6) to base 9.
-230
What is -41 (base 16) in base 9?
-72
15530 (base 10) to base 13
70b8
Convert 20002 (base 4) to base 15.
244
What is -3463 (base 8) in base 13?
-aba
Convert -5040 (base 6) to base 12.
-780
-214426 (base 7) to base 10
-37603
-210212 (base 3) to base 5
-4330
Convert 100100001011 (base 2) to base 12.
140b
What is -e6 (base 16) in base 9?
-275
-403343 (base 5) to base 14
-4a29
-100314 (base 5) to base 14
-1253
What is 4692 (base 10) in base 16?
1254
1b206 (base 13) to base 8
147520
-117 (base 12) to base 16
-a3
-1021 (base 5) to base 16
-88
What is -50304 (base 7) in base 14?
-4604
-5835 (base 9) to base 7
-15416
What is 136246 (base 7) in base 9?
38841
What is 10010110001110010 (base 2) in base 9?
126450
What is 1591 (base 10) in base 9?
2157
What is -11010000 (base 2) in base 14?
-10c
What is 820 (base 12) in base 2?
10010011000
Convert -435 (base 6) to base 16.
-a7
What is 836 (base 9) in base 2?
1010101001
What is 50772 (base 9) in base 5?
2032222
What is -21 (base 10) in base 8?
-25
What is -8307 (base 12) in base 14?
-52ab
205103 (base 6) to base 2
100000100011111
What is -1000011011 (base 2) in base 16?
-21b
Convert 74 (base 10) to base 2.
1001010
1011011011010 (base 2) to base 4
1123122
716 (base 13) to base 7
3335
Convert -46424 (base 9) to base 6.
-355204
Convert -311013 (base 4) to base 5.
-102044
-1331 (base 8) to base 14
-3a1
What is 43563 (base 7) in base 11?
8230
What is -369 (base 10) in base 2?
-101110001
What is 37c9 (base 15) in base 14?
4493
What is 87a0 (base 12) in base 9?
22453
44020 (base 5) to base 14
1150
Convert 17a0 (base 14) to base 9.
5748
What is 3909 (base 15) in base 6?
132143
-1222 (base 4) to base 3
-10221
Convert -12211032 (base 4) to base 13.
-c369
What is 788 (base 10) in base 16?
314
Convert -12122202 (base 3) to base 13.
-1b53
Convert -55f (base 16) to base 2.
-10101011111
What is -96be (base 15) in base 14?
-b8ac
What is 1250 (base 13) in base 12?
1608
Convert -145 (base 12) to base 3.
-21022
-e3ff (base 16) to base 7
-332111
Convert 1111110 (base 2) to base 5.
1001
Convert 13074 (base 8) to base 7.
22411
Convert -110110100011 (base 2) to base 15.
-107b
630 (base 8) to base 5
3113
-1142340 (base 5) to base 2
-101010001011011
-2055 (base 7) to base 5
-10401
Convert 213443 (base 6) to base 14.
661d
2d7 (base 16) to base 15
337
Convert -156a (base 14) to base 13.
-1979
What is 1956 (base 13) in base 9?
5170
63064 (base 7) to base 12
8b61
What is -556 (base 7) in base 10?
-286
Convert -3037 (base 11) to base 13.
-1ab3
Convert -128 (base 12) to base 10.
-176
Convert -31966 (base 12) to base 13.
-2395b
Convert -4cd (base 15) to base 8.
-2105
Convert 3060 (base 12) to base 7.
21216
21121 (base 5) to base 8
2603
10010000110000 (base 2) to base 9
13633
Convert 110011000000 (base 2) to base 10.
3264
-4463 (base 10) to base 3
-20010022
Convert 3682 (base 14) to base 5.
301042
2314 (base 7) to base 14
444
What is -211 (base 16) in base 9?
-647
Convert -200022 (base 3) to base 2.
-111101110
What is 36a4 (base 12) in base 5?
144142
What is -4d33 (base 14) in base 15?
-4049
What is 1010220001 (base 3) in base 10?
22519
What is 6e9 (base 15) in base 13?
939
210411 (base 5) to base 2
1101101000101
What is -1404 (base 6) in base 5?
-2424
Convert -2293 (base 10) to base 2.
-100011110101
Convert 10823 (base 15) to base 16.
ccea
40510 (base 11) to base 2
1110011100101100
What is -2b0a (base 13) in base 16?
-1877
What is -1364 (base 11) in base 13?
-a59
What is 37a (base 11) in base 7?
1212
Convert 14143 (base 5) to base 12.
819
What is 34330 (base 5) in base 10?
2465
Convert -403 (base 11) to base 5.
-3422
Convert -1345 (base 6) to base 14.
-1b3
What is 1192 (base 11) in base 7?
4346
100200212 (base 3) to base 2
1101110011110
9cb3 (base 13) to base 7
120662
414 (base 8) to base 7
532
What is 2001111 (base 3) in base 4?
113122
-74b (base 12) to base 5
-13232
What is 211 (base 9) in base 11?
147
Convert 30421 (base 5) to base 14.
a1c
Convert 463 (base 13) to base 6.
3301
Convert 663 (base 13) to base 11.
906
What is -122138 (base 9) in base 3?
-10202011022
What is -20467 (base 14) in base 5?
-4441312
What is 2323 (base 4) in base 10?
187
What is 1101110001111110 (base 2) in base 5?
3301241
Convert -1972 (base 10) to base 11.
-1533
-14542 (base 6) to base 2
-100100111110
9d4 (base 16) to base 13
11b7
Convert -1950 (base 11) to base 14.
-c8b
Convert -44638 (base 11) to base 3.
-10021200122
Convert 3124 (base 15) to base 6.
120024
2457 (base 9) to base 2
11100101010
Convert 1357 (base 14) to base 2.
110101010001
Convert 4a6 (base 12) to base 6.
3130
What is 1296 (base 14) in base 15?
e7d
-243055 (base 6) to base 2
-101001110101011
What is 31125 (base 6) in base 4?
1000331
What is -11010101011 (base 2) in base 14?
-89d
Convert 123342 (base 6) to base 15.
3485
What is 6db (base 14) in base 16?
559
What is -11110100111 (base 2) in base 9?
-2616
1535 (base 6) to base 12
2ab
What is 110112022 (base 3) in base 14?
3486
What is -106154 (base 7) in base 6?
-223425
1111001000 (base 2) to base 16
3c8
What is -26042 (base 7) in base 14?
-2722
Convert -1001110111 (base 2) to base 11.
-524
3113 (base 5) to base 14
212
4023 (base 5) to base 8
1001
Convert 37677 (base 9) to base 3.
1021202121
What is 11820 (base 13) in base 14?
b9d6
-2a0 (base 13) to base 14
-256
What is 1239 (base 10) in base 15?
579
Convert -110001